j be 516/108 - (-2)/9. What is the units digit of 0 + (j - l/2)?
4
Let f be 66/(1/((-2)/(-3))). Suppose -4*n + 12 - f = -4*u, -u - n + 12 = 0. Suppose 0 = -5*g + 2*z - 3*z + u, -g - 22 = 5*z. What is the units digit of g?
3
Let h be 2/(2 + 0)*3. Suppose -2*x + 5 + 6 = f, 2*f - 23 = -h*x. What is the units digit of f?
3
Suppose 0 = -4*a + 25 - 9. Suppose -a*q = -0*q - 20. Suppose 4*n - 4*b + 22 = q*n, 24 = 2*n + 4*b. What is the units digit of n?
2
Suppose 0*b - 4 = 2*b. Let j be (1 + b)*(-2 - -2). Suppose q - 7 = -j*q. What is the units digit of q?
7
Let m be (-20)/(-3) - 8/12. Suppose -m*t = -7*t + 27. What is the tens digit of t?
2
Let n(c) = 2*c. Let o be ((-1 - 5)/1)/(-2). Let v be n(o). Let a = v + 1. What is the units digit of a?
7
Let m = 37 + -69. Let g = 45 + m. What is the units digit of g?
3
Let o be -3*(-3)/9 - -19. Suppose 5 = 5*u - o. Suppose 4*r + 4*z - 28 = -0*z, u*r + 2*z - 32 = 0. What is the units digit of r?
6
Suppose -3 + 0 = -3*i. What is the units digit of (-3)/((-1)/1)*i?
3
Let d(z) = -26*z - 6. What is the units digit of d(-3)?
2
Let h = 48 + 31. Suppose -80 = -2*q + 4*f, h = 5*q + 5*f - 46. What is the units digit of q?
0
Let q(p) = -p**2 + 10*p - 2. Let g be q(10). Let t = 3 - g. What is the units digit of t?
5
Let b(z) = -z**2 + 7*z - 7. Let m be b(5). Suppose -4*v - 14 = o, 0 = -5*o - m*v - 2. Suppose o*x = x + 3. What is the units digit of x?
3
Let l = 353 - 195. What is the tens digit of l?
5
Let u be 6/(-9) + (-51)/(-9). Let b = u - -25. What is the tens digit of b?
3
Suppose 4*r - 393 = -3*v, 8 - 2 = 2*r. What is the hundreds digit of v?
1
Let p(d) = 3*d**2 - 2. Let u(q) = -q**2 + q + 2. Let v be u(0). What is the units digit of p(v)?
0
Let s(b) = 10*b + 3. What is the units digit of s(3)?
3
Let y = 8 + -5. Suppose 5*x = -2*n + 2 + 5, 0 = -4*x - y*n. What is the units digit of x/4 - 2/(-8)?
1
Let u(o) = o + 9. Let r be u(-7). Suppose b + r*b = 57. What is the units digit of b?
9
Let s be (-20)/(-6) - 3/9. Let v(j) = -2*j**3 + 5 - j**2 + j**s + 12*j - 5*j - 6*j**2. What is the units digit of v(-8)?
3
Let t(j) = -j**2 - 9*j - 3. Let s(d) = -2*d - 2. Let g be s(2). What is the units digit of t(g)?
5
Let j(n) = -n + 1. Let k(h) = 3*h - 9. Let i(r) = -4*j(r) - k(r). Let c(y) = -y**3 - 7*y**2 - 6*y. Let a be c(-6). What is the units digit of i(a)?
5
Let m(c) = -22*c**3 - 2*c**2 + 1. Let q be (-10)/(-15) - 5/3. What is the tens digit of m(q)?
2
Let n(h) = -2*h**3 - 8*h**2 + 5*h + 5. Let o(v) = 3*v**3 + 12*v**2 - 7*v - 7. Let y(c) = -8*n(c) - 5*o(c). What is the tens digit of y(-4)?
1
Let g(r) = r**3 - 10*r**2 + 4*r + 9. What is the tens digit of g(10)?
4
Suppose 137 = 3*q - 97. What is the tens digit of q?
7
Suppose 11*j = 2499 - 618. What is the hundreds digit of j?
1
Let m = -12 - -13. What is the units digit of m?
1
Let l = -23 - -228. What is the tens digit of l?
0
Let l = -32 - -59. What is the tens digit of l?
2
Let l(g) = -3*g - 3. Let r be l(-2). Suppose 0*y = -r*y - 3. What is the units digit of 6/((-3)/9 - y)?
9
Let p(z) = z - 4. Let k be p(9). Suppose -k + 11 = 3*n. What is the units digit of n?
2
Suppose 0 = 5*h - 2*h + 24. Let u be h/(-6) - 2/6. What is the units digit of u/((-1)/(-3) - 0)?
3
Let a be (-130)/(-39) - (-4)/6. What is the units digit of a/(0 + -4) - -44?
3
Let c be (-6)/18*(1 - -20). Let i = 0 - c. What is the units digit of i?
7
Suppose 7*o = 3*o + 4*s - 8, 26 = -5*o + s. What is the units digit of (4/o)/(2/(-6))?
2
Suppose -9*m + 14*m - 25 = 0. Suppose 0 = m*p - 3*y - 170, 4*y = 5*y + 5. What is the units digit of p?
1
Suppose -5*d - 2*m + 347 = 0, -d + 2*m + 67 = -0*m. What is the tens digit of d?
6
Suppose -226 = -18*p + 16*p. What is the units digit of p?
3
Let v be 4/6*(40 - -5). What is the tens digit of (v/(-4))/((-21)/28)?
1
Let b be 2 - -3*(-2)/(-3). Suppose -3*u - 176 = -b*t, -2*t - 94 = -4*t + 3*u. What is the tens digit of t?
4
What is the units digit of -3 - -1 - (-2 - (-63)/(-1))?
3
Suppose -4*z + a - 47 = 0, -3*z = -z + 2*a + 26. Let g = -7 - z. What is the units digit of (6 - 1)*2/g?
2
Let u be 25/20 + (-2)/8. Let p be 2/1 - (u + -1). What is the units digit of (p - 0/(-3)) + 0?
2
Let s(y) = y**3 + 4*y**2 + 5*y + 3. Let l be s(-3). Let v(z) = -2*z - 4. Let c be v(l). What is the units digit of (-2*3/(-1))/c?
3
Let o be 1/((-3 - -5) + -1). Let a(r) = r. What is the units digit of a(o)?
1
Suppose 2*a = 4*r - 3*r + 10, -4*r = 0. Suppose -2*y = -3 - a. What is the units digit of y?
4
Let l = -1 + -2. Suppose 5*c = 7 - 52. Let g = l - c. What is the units digit of g?
6
Let y(t) = -7*t**2 + 10*t + 9. Let a(v) = -20*v**2 + 29*v + 27. Let m(p) = -6*a(p) + 17*y(p). What is the tens digit of m(7)?
1
What is the units digit of (-10 - -14) + (-52)/(-1)?
6
Let h(x) = x - 3. Let v be h(5). Suppose 4*c + q + 14 = -q, 4*c + 2 = v*q. What is the units digit of (4/10)/(c/(-20))?
4
Let o(b) be the first derivative of 2*b**3/3 + 2*b + 10. What is the tens digit of o(-2)?
1
Let o be 5/4 + (-75)/(-20). Suppose 0*d - 4*d = -132. Suppose -2*y - d = -o*y. What is the tens digit of y?
1
Suppose 0 = j, 4*n - 24 = -2*j - 3*j. Let c be (-2)/6 + (-308)/(-33). Let t = c - n. What is the units digit of t?
3
Suppose v + 24 = -4*d, d - v - 4*v = -6. Let p be (-2)/(-12)*8*d. Let t = -2 - p. What is the units digit of t?
6
Let x(a) = a + 2. Let r be x(-3). Let z(t) = -6*t**3 - t**2 + 1. What is the units digit of z(r)?
6
Let q(w) = -w**2 - 13*w + 2. Let r be q(-12). Let u = -10 + r. Suppose -u = -2*o + 3*o - 4*m, -3*o = -4*m - 20. What is the tens digit of o?
1
Suppose 0 = 2*n - 3 + 5. Let m be 38 - (6*n)/3. Suppose -3*q = q - m. What is the tens digit of q?
1
Let f(a) = a - 2*a - 4 + 0. Let p be f(-6). What is the units digit of ((-3 - p) + 0)*-1?
5
What is the tens digit of 36 + 0 - (-4 + 4)?
3
Let t = 74 - 77. Let c = 39 - 25. Let y = c - t. What is the units digit of y?
7
Let y(o) = o - 6. Suppose 3*a - 4*a = -10. What is the units digit of y(a)?
4
What is the units digit of (4 - -17)/((-12)/(-20))?
5
Let g be (-22)/(1 - -1) + -1. Let n = 1 - g. What is the tens digit of n?
1
Let o(b) = -b**3 + 2*b - 3. Let j be o(-3). Let q = j + -13. What is the units digit of q?
5
Let r(l) = l**2 + 5*l - 6. Let f be r(-6). Suppose 3*n - 8*n + 10 = f. What is the units digit of n?
2
Suppose -65 = 2*n - 7*n. Suppose -3*d + n = c, -6*c = -4*c - 5*d - 4. Let r = -5 + c. What is the units digit of r?
2
Let k(l) = l**3 + 6*l**2 - 3*l + 8. Let i be k(-6). Let f = i - 16. What is the units digit of f?
0
Let d = -475 - -242. What is the tens digit of 10/(-35) + d/(-7)?
3
Let g = 66 + -47. What is the units digit of g?
9
Suppose -2*v - 2*v = -60. Suppose -5*c + v = 3*p, 4*p - 2*c - 20 = -0*p. What is the units digit of p?
5
Suppose 4*b - 20 + 64 = 3*j, 5*b = 5*j - 65. Suppose 0 = -4*v + 56 - j. What is the units digit of v?
2
What is the units digit of (-43 + -2)*-1 + -2?
3
Suppose v = -2*l - v + 32, 2*v = 8. What is the tens digit of l?
1
What is the hundreds digit of (207/(-2) - 2)*(-1 - 1)?
2
Let h(t) = t**2 + t + 4. Let u be h(0). Let o = 25 + -10. Suppose -u*p + o = -p. What is the units digit of p?
5
Let q = -22 + 50. What is the units digit of q?
8
What is the units digit of (-714)/(-9)*3/2?
9
Let b(v) = -20*v - 6. What is the tens digit of b(-6)?
1
Suppose -15 = -5*f + 5*g, f = -4*f - 5*g + 15. Suppose -83 = f*v - 2*y, -2*v - 19 - 35 = -2*y. Let p = v + 42. What is the units digit of p?
3
Suppose 4*i - 17 = 15. Let h = i - 4. Suppose -h = -2*s - 0*s. What is the units digit of s?
2
Let l(d) = d**3 - 13*d**2 + 13*d - 7. Let j be l(12). Let f(x) = x**3 - 7*x**2 + 7*x - 2. Let a be f(6). Suppose -j*k = -a*k - 15. What is the units digit of k?
5
Let b(p) be the third derivative of p**5/60 + p**4/12 - 5*p**3/6 - 6*p**2. Let w be ((-24)/9*-3)/2. What is the units digit of b(w)?
9
Suppose -4*v + 10 = 4*q - 2*v, -2*v = -10. Let l(p) = p + 5 + 12 + 12 - 9. What is the units digit of l(q)?
0
Let c be 9 - 9/6*2. Suppose 20 = -u + c*u. What is the units digit of u?
4
Let b = -7 + 11. Suppose -5*t = -b - 1. What is the units digit of t?
1
Let f(h) = -h**2 + 7*h + 6. Let p = -6 - -13. What is the units digit of f(p)?
6
Let g = -4 - -62. What is the tens digit of g?
5
Suppose 4*p + d = 5, -3*p - d = -2*d - 9. Let l = 7 - p. Suppose